mposite?
True
Is 1337803 prime?
True
Is 28909 prime?
True
Is 2819 composite?
False
Is 4049 a composite number?
False
Is 262087 a composite number?
True
Is 23801 a prime number?
True
Is 10239 prime?
False
Is 528053 a composite number?
False
Is 20743 composite?
False
Is 29371 composite?
True
Is 4547 a composite number?
False
Is 102761 composite?
False
Is 8399 a prime number?
False
Is 112477 composite?
True
Is 1207 prime?
False
Is 7613 prime?
False
Is 1458167 prime?
True
Is 273697 a composite number?
False
Is 34186 a composite number?
True
Is 2174 a prime number?
False
Is 9991 composite?
True
Is 22613 a prime number?
True
Is 18947 prime?
True
Is 761 prime?
True
Is 5140901 a prime number?
True
Is 3389 a prime number?
True
Is 94813 prime?
False
Is 68833 a prime number?
False
Is 65791 prime?
False
Is 5381 prime?
True
Is 2813 a composite number?
True
Is 59557 a prime number?
True
Is 242927 a prime number?
True
Is 96259 a prime number?
True
Is 37081 prime?
False
Is 17957 a composite number?
False
Is 3389 composite?
False
Is 8557 prime?
False
Is 24707 composite?
True
Is 379 a prime number?
True
Is 180953 a composite number?
True
Is 37039 prime?
True
Is 5147 composite?
False
Is 729493 prime?
True
Is 20483 prime?
True
Is 2591 prime?
True
Is 327979 composite?
False
Is 16333 a composite number?
False
Is 56471 a prime number?
False
Is 9327 prime?
False
Is 366203 prime?
False
Is 3589 composite?
True
Is 54709 a prime number?
True
Is 20477 a prime number?
True
Is 1371 composite?
True
Is 2023621 prime?
True
Is 5711 prime?
True
Is 167081 composite?
False
Is 797 prime?
True
Is 86309 a composite number?
True
Is 12323 composite?
False
Is 96207 prime?
False
Is 143711 prime?
True
Is 48629 prime?
False
Is 796555 a composite number?
True
Is 3797603 prime?
True
Is 407347 prime?
True
Is 635 prime?
False
Is 341333 prime?
True
Is 3821 a prime number?
True
Is 65761 a composite number?
False
Is 122939 prime?
True
Is 27553 prime?
False
Is 162223 composite?
True
Is 64479 composite?
True
Is 11311 prime?
True
Is 18883 prime?
False
Is 26507 a prime number?
False
Is 903251 prime?
True
Is 205969 a prime number?
False
Is 89 composite?
False
Is 611 a composite number?
True
Is 13649 prime?
True
Is 16199 a composite number?
True
Is 4571 a composite number?
True
Is 17747 prime?
True
Is 3719 a composite number?
False
Is 34807 a prime number?
True
Is 36997 prime?
True
Is 498734 a prime number?
False
Is 229343 a prime number?
True
Is 124171 prime?
True
Is 34757 a composite number?
False
Is 229101 a composite number?
True
Is 2602817 prime?
False
Is 1709 a composite number?
False
Is 28829 composite?
True
Is 32491 a composite number?
False
Is 535133 composite?
False
Is 43339 composite?
True
Is 721 composite?
True
Is 56195 a prime number?
False
Is 35177 a composite number?
True
Is 7037 prime?
False
Is 11029 a prime number?
False
Is 346301 composite?
True
Is 69567 composite?
True
Is 203867 a prime number?
False
Is 6163 a prime number?
True
Is 68813 a composite number?
False
Is 26098 composite?
True
Is 56585 prime?
False
Is 94253 a prime number?
True
Is 1141219 a prime number?
True
Is 184373 a composite number?
True
Is 27113 a prime number?
False
Is 17011 a prime number?
True
Is 809 composite?
False
Is 60331 composite?
False
Is 245299 a composite number?
False
Is 2411 a prime number?
True
Is 441961 a prime number?
False
Is 25793 prime?
True
Is 141539 a prime number?
True
Is 42433 prime?
True
Is 638263 prime?
True
Is 205 composite?
True
Is 36263 a composite number?
False
Is 2158355 prime?
False
Is 252286 composite?
True
Is 529379 a prime number?
False
Is 199909 a prime number?
True
Is 8059 a composite number?
False
Is 167901 prime?
False
Is 8407 a composite number?
True
Is 858183 composite?
True
Is 23531 composite?
False
Is 1714123 composite?
True
Is 810581 composite?
False
Is 1252579 a prime number?
True
Is 7279 a prime number?
False
Is 77927 a prime number?
False
Is 81661 prime?
False
Is 127879 composite?
True
Is 35687 a composite number?
True
Is 1583 a composite number?
False
Is 345599 composite?
False
Is 126921 a prime number?
False
Is 54311 prime?
True
Is 34702 a composite number?
True
Is 2012059 composite?
True
Is 35983 a prime number?
True
Is 125059 composite?
True
Is 25693 prime?
True
Is 17483 a composite number?
False
Is 328441 a composite number?
True
Is 297281 prime?
False
Is 889 prime?
False
Is 4226153 composite?
False
Is 206507 composite?
True
Is 564991 composite?
True
Is 3271 a prime number?
True
Is 265921 composite?
False
Is 3606089 composite?
False
Is 1033477 a composite number?
True
Is 47119 prime?
True
Is 38629 composite?
False
Is 134171 prime?
True
Is 39419 a prime number?
True
Is 8197 composite?
True
Is 907199 a prime number?
True
Is 467557 a prime number?
True
Is 50041 a composite number?
True
Is 10687 composite?
False
Is 72019 a prime number?
True
Is 63277 a prime number?
True
Is 253537 a prime number?
True
Is 31991 a prime number?
True
Is 681937 composite?
True
Is 48989 composite?
False
Is 90931 composite?
False
Is 1013059 a prime number?
False
Is 1675871 a composite number?
True
Is 737 a prime number?
False
Is 444083 a prime number?
False
Is 39887 composite?
False
Is 878 a composite number?
True
Is 8147 composite?
False
Is 1294 a composite number?
True
Is 268399 prime?
False
Is 8609 composite?
False
Is 240257 a prime number?
True
Is 425363 a composite number?
False
Is 14143 composite?
False
Is 28459 a composite number?
True
Is 79457 a prime number?
False
Is 9875831 a prime number?
False
Is 178021 prime?
True
Is 328951 prime?
False
Is 280505 composite?
True
Is 85223 a prime number?
True
Is 5791 composite?
False
Is 37753 a composite number?
True
Is 7033 prime?
False
Is 1233179 a composite number?
False
Is 21211 a composite number?
False
Is 3165817 prime?
False
Is 34031 prime?
True
Is 5207 a composite number?
True
Is 5839 composite?
False
Is 52361 composite?
False
Is 958 a composite number?
True
Is 2453851 prime?
False
Is 167593 composite?
False
Is 153247 a prime number?
True
Is 815399 composite?
True
Is 4327 composite?
False
Is 188099 composite?
True
Is 3821 composite?
False
Is 3515537 prime?
True
Is 5579 composite?
True
Is 19771 a prime number?
False
Is 46559 a composite number?
False
Is 20873 a composite number?
False
Is 11519 prime?
True
Is 4271 a prime number?
True
Is 11203 a prime number?
False
Is 3055051 composite?
True
Is 1801 composite?
False
Is 77021 composite?
True
Is 806107 composite?
False
Is 9793 a prime number?
False
Is 11201 prime?
False
Is 595013 prime?
False
Is 4703 a composite number?
False
Is 64339 composite?
True
Is 9967 prime?
True
Is 58595 a composite number?
True
Is 766 a composite number?
True
Is 53579 prime?
False
Is 423737 a composite number?
True
Is 99949 a composite number?
True
Is 1101071 a composite number?
False
Is 15817 composite?
False
Is 843593 a prime number?
False
Is 2409023 prime?
True
Is 269617 prime?
True
Is 1160519 composite?
False
Is 33685 a composite number?
True
Is 8989 composite?
True
Is 46 a composite number?
True
Is 122983 prime?
False
Is 7613 prime?
False
Is 19151 a prime number?
False
Is 221509 prime?
True
Is 78691 a prime number?
True
Is 2330905 a prime number?
False
Is 6521 a composite number?
False
Is 30047 a prime number?
True
Is 274099 prime?
False
Is 591287 prime?
True
Is 7963805 a prime number?
False
Is 14621 prime?
True
Is 66943 a composite number?
False
Is 44761 prime?
False
Is 359581 composite?
False
Is 572947 a prime number?
False
Is 9901 a composite number?
False
Is 43691 composite?
False
Is 9487 a composite number?
True
Is 427681 prime?
True
Is 169129 prime?
True
Is 51451 a prime number?
False
Is 5509 composite?
True
Is 233183 a prime number?
True
Is 131851 prime?
False
Is 12605 prime?
False
Is 38903 a prime number?
True
Is 94573 a composite number?
False
Is 9967 prime?
True
Is 174137 a prime number?
True
Is 3785 a prime number?
False
Is 52657 a prime number?
False
Is 65407 a prime number?
True
Is 7919 a prime number?
True
Is 38953 a prime number?
True
Is 884669 a composite number?
False
Is 352097 a prime number?
True
Is 23593 prime?
True
Is 1432759 composite?
True
Is 80113 a composite number?
True
Is 7753 a prime number?
True
Is 514891 composite?
True
Is 1110839 a composite number?
False
Is 1259 a composite n